22, -5*z = -3*m - 45. Let o(r) = -r**2 - 9*r + 11. Give o(m).
1
Let c(i) = i**2 - i. Let u be c(-2). Suppose u*r = 3*r - 54. Let x be (45/r)/(2/(-4)). Let n(w) = -w + 3. Give n(x).
-2
Suppose 8*v + 21 = 11*v. Suppose -v*t = -12*t - 15. Let h(u) = -3*u + 2. Calculate h(t).
11
Let r = 30 + -33. Let k(z) = 3 - 5 + 5 + 2*z. Let y be k(r). Let n(c) = c**2 + 3*c. Calculate n(y).
0
Let z(o) be the second derivative of -o**5/20 - o**4/2 - o**3/2 + 2*o**2 + 12*o - 9. Give z(-6).
22
Let d(p) = p**3 + 10*p**2 + 12*p. Let o(y) = -8*y + 24. Let w be o(4). Calculate d(w).
32
Let f(j) = j**2 + 11*j - 8. Suppose 10*x = -80 - 40. Calculate f(x).
4
Let y(a) = 200 + 4*a**3 + 3*a - 206 - 3*a**3 - 2*a**2. Determine y(3).
12
Let y(f) = f - 14. Let m be ((7 - 3)/4)/(6/30). What is y(m)?
-9
Let u(v) = -6*v**2 + 5*v + 8. Let i(j) = 5*j**2 - 5*j - 7. Suppose -2*f + 4 = -10. Let z(p) = f*i(p) + 6*u(p). Calculate z(-4).
3
Let l(z) = 3*z - 7*z + 2*z + z**2. Let y be (-12 - -13)*(4 - 3). Calculate l(y).
-1
Let q(h) be the second derivative of -h**5/60 + h**4/12 + h**3/2 - 5*h**2/2 - 5*h. Let t(c) be the first derivative of q(c). What is t(4)?
-5
Let y be (-957)/11 + -3 + 0. Let f = y - -82. Let p(m) = m**2 + 7*m - 9. Determine p(f).
-1
Let f(l) = 4 + 1 + 0*l + 1 - l. Suppose -2*y - 40 = -7*y. Suppose 4*h - 5*r + 29 = 0, 3*h - 4*r = -y - 14. Determine f(h).
12
Suppose -4*x - 5*q = 5, -2*x - 3*x + 4*q + 4 = 0. Suppose -22*g + 25*g + 12 = x. Let v(p) = -p + 2. Calculate v(g).
6
Suppose -10*p + 18*p - 56 = 0. Suppose -p*k = -36 + 8. Let y(u) = -u**2 + 7*u - 6. Determine y(k).
6
Let w(m) = -m**3 - 6*m**2 - 2*m - 1. Suppose 20 = 4*a, 0 = y + 4*y - 2*a - 365. Let l = y - 81. Calculate w(l).
11
Let a(u) = -249*u - 248*u + 496*u - u**2 - 10. Suppose -2*n - 2*b = -5*b + 12, 0 = -3*n - 4*b + 16. Determine a(n).
-10
Let i(g) = -g**2 - 4*g - 1. Suppose 0 = -7*p - 3*p - 50. Give i(p).
-6
Let p(b) = b**3 + 11*b**2 + 6*b - 29. Let v be p(-10). Let h(x) = x**2 - 8*x - 16. Calculate h(v).
17
Let k(d) = 43*d + 6. Let q(v) = 15*v + 2. Let a(p) = 6*k(p) - 17*q(p). What is a(-3)?
-7
Let m be 146 - (-1 - -4) - -1*2. Suppose -m*v = -148*v. Let u(o) = -o + 19. What is u(v)?
19
Let d(z) = 0 - 7*z - z**2 + 2 - 5 - 4. Suppose 4*r - 266 = -3*r. Let v = r + -43. Give d(v).
3
Let f(z) = -10*z + 15*z**2 - 5 - z**3 + 14 - 6*z**2. Let n be f(8). Let i(g) = g + 12. Let l be i(n). Let s(c) = -c**3 + 6*c**2 - 6*c + 2. What is s(l)?
-3
Let i be (-3)/(-6)*(-3 + -1). Suppose 0 = -4*y - c - 2*c + 16, y - 5*c = 4. Let k = y + i. Let g(n) = -3*n + 2. Determine g(k).
-4
Let h(m) = 3*m - 20. Let x(d) = -3*d + 15. Let w(o) = 2*h(o) + 3*x(o). Calculate w(2).
-1
Let f(j) = -j**3 + 6*j**2 - 5*j + 6. Let x be (-1)/2*(-590)/59. What is f(x)?
6
Let d = 13 + -11. Let r(z) = 18*z**2 - 17*z**d + 3 - 2*z - 2*z. Let o be (7 - 2)*(-2)/(-2). Give r(o).
8
Let h(g) = -3*g - 5. Let p be ((-2)/6)/((-6)/54). Let q(a) = 2*a + 15 - 1 - 9. Let l(i) = p*h(i) + 4*q(i). Give l(3).
2
Let b(j) = j**2 + 5*j - 3. Let x be b(-6). Let y be 14/x - 1/(-3). Let v(o) = o + 2*o - o - 8 - y*o. Calculate v(-6).
10
Let b(c) = -4*c - 13. Let f(q) = -1. Let s(x) = -b(x) + 2*f(x). Let g be s(-3). Let m(h) = 8*h**2. Give m(g).
8
Let w(x) = 3*x**2 - 2 - x**3 + x - x + 4*x. Let m be (-3)/(-15)*-1*(-9 - 26). Suppose z - m*z = -24. Calculate w(z).
-2
Let k(o) = 3*o + 1. Let c be 12/(-8)*(3 + -1). Give k(c).
-8
Suppose 23 = -13*t + 88. Let k(q) = -q - 1. Determine k(t).
-6
Let o(t) = 52*t**3 + 3 + 9*t - t**2 - 5*t - 99*t**3 + 46*t**3. Suppose -3*v = -3 - 3. Suppose 0 = v*d - 4*d - 4. What is o(d)?
-1
Let j be 0/(-7) - (1 - 5). Suppose 5*t = 3*n + 36, -5*t + j*n - 11 = -49. Let v(i) = 2*i - 8. Calculate v(t).
4
Let k(m) be the second derivative of -m**4/12 - m**3/3 + 5*m**2/2 - 3*m + 14. Determine k(5).
-30
Let x(g) = 7*g**3 + 8*g**2 - 5*g - 5. Let d(q) = 9*q**3 + 9*q**2 - 6*q - 4. Let m(h) = -4*d(h) + 5*x(h). What is m(3)?
-3
Let k(v) = 21 + v**3 - 9*v**2 + 23 + 25 - 9*v - 62. What is k(10)?
17
Let b(c) = -c + 4. Suppose 0 = 15*r - 63 - 57. What is b(r)?
-4
Let a(y) = 0 + 8*y + 3 - 4*y**2 + 3*y**2 - 7*y. Give a(-2).
-3
Let y(g) = 4*g - 78 - 86 - 83 + 170. Calculate y(18).
-5
Let a = 122 - 128. Let b(i) = -i**3 - 7*i**2 - 7*i - 4. What is b(a)?
2
Suppose -z - n = -3*z - 15, 2*n = -z - 5. Let i = z - -12. Suppose -i*x - 5 = -o, x = -0*x - 2*o + 10. Let s(j) = j**2 + 3. What is s(x)?
3
Let s = -3 - -6. Let h(u) = -s*u**3 + u**3 + 1 - 4*u + 3*u + 3*u**3 - 3*u**2. Suppose -9 = 3*t - 6*t. What is h(t)?
-2
Suppose -3*m = -1 - 8. Let d(o) = -o + 1 - m + 2 - 1. Determine d(-6).
5
Let h(p) be the third derivative of p**6/360 - p**5/40 - p**4/12 - p**3 - 26*p**2. Let f(i) be the first derivative of h(i). What is f(3)?
-2
Let d(a) = -3*a**2 + 12*a - 18. Let z(l) = 2*l**2 - 8*l + 11. Let b(r) = -5*d(r) - 8*z(r). Suppose 0 = 4*y - 10 - 14. Calculate b(y).
-10
Let l(t) = 24 - 11*t + 19*t + 12*t**2 + 9*t**2 - 61*t - 16*t**2. Determine l(10).
-6
Let k(u) = u + 16. Let b be (-424)/32 + 6 - (-1)/4. Give k(b).
9
Let h(l) = l**2 + l + 3. Let k(y) = y**2 - 6*y - 7. Let u be k(4). Let r = u - -17. Suppose -r*t = 3*t. What is h(t)?
3
Let y(f) = -4*f**2 - 17*f + 9. Let h(j) = -2*j**2 - 9*j + 5. Let m(z) = 11*h(z) - 6*y(z). Suppose 0 = g - 4*u + 19, 5*g + u = 6*u - 35. Calculate m(g).
10
Let i(s) be the third derivative of -s**4/12 + 35*s**3/6 - s**2 + 27. Calculate i(0).
35
Let z = 19 + -20. Let n(d) = -d + 1. Let k(y) = -2*y**2 - 3*y - 8. Let j(h) = z*k(h) - 4*n(h). What is j(-4)?
8
Let s(g) = g**2 - 2*g + 2. Let h = 392 - 395. What is s(h)?
17
Let s(p) = -5*p - 2. Let f(i) = -13*i - 5. Let k(y) = -3*f(y) + 8*s(y). Let w(o) = o**3 + 3*o**2 + o + 2. Let t be w(-3). Give k(t).
0
Let q(d) be the first derivative of d**4/4 + d**3/3 - d**2 + 6*d + 65. Determine q(0).
6
Let y(u) be the first derivative of u**2/2 + 2*u + 1. Suppose 0 = 2*a - 3*c + 19, 4*a + 0*c + 5*c = 17. What is y(a)?
0
Let r(x) = -x**3 - 3*x**2 + x + 3. Let i(g) = -11*g**3 - g**2. Let z be i(-1). Suppose -11 = -z*a - 41. Determine r(a).
0
Let m(n) = n - 1. Let p be m(-4). Let x(q) = 2*q - 3. Let w(z) = -8*z + 10. Let a(c) = -w(c) - 3*x(c). What is a(p)?
-11
Let p(y) = 3*y - 10. Let i(l) = 15*l - 54. Let h(o) = -2*i(o) + 11*p(o). What is h(6)?
16
Let i(a) = -8 + 62*a + 65*a - 126*a. Determine i(4).
-4
Let w(v) be the third derivative of -v**6/120 - v**5/12 - v**4/4 - 2*v**3/3 - 3*v**2. Let r = 51 - 23. Let k = r - 32. Determine w(k).
4
Let l(b) be the third derivative of 1/6*b**4 + 12*b**2 + 1/120*b**6 + 0*b + 0 + 1/2*b**3 + 1/15*b**5. Calculate l(-3).
0
Let f(s) = 4*s**3 + s**2 + 7*s - 7. Let i(r) be the third derivative of -r**6/40 - r**5/60 - r**4/4 + r**3 - 21*r**2. Let n(q) = 4*f(q) + 5*i(q). What is n(2)?
2
Let g(f) be the second derivative of 3*f**3/2 - f**2/2 + 6*f. Let u(n) = n**3 - 10*n**2 - 24*n - 1. Let y be u(12). Give g(y).
-10
Let j(z) = 2*z + 10 - 13 + 0*z - z. Let h be -1 - (-5 + (-1 - -1)). Let l be h + (-2)/(-3 + 1). Give j(l).
2
Suppose -6*m + 2 = -7*m. Let i(u) = -1 + 3*u**3 - 26*u**2 + 22*u**2 - 3*u - 4*u**3. Give i(m).
-3
Let q(c) = c**2 + 12*c - 6. Let b be q(-11). Let n = -15 - b. Let h(d) = n*d + 2*d - 2*d + d**2 + 2 - 5*d. Give h(2).
0
Let j(q) = q**3 - 8*q**2 + 2*q + 4. Let l be (336/40)/7*5/2. Calculate j(l).
-35
Suppose 3*y = -5*k + 7, 0*k + 3*k + 2*y - 5 = 0. Let v(f) = -f**2 - f - 2. Let b(h) = -h. Let n(z) = k*v(z) - 3*b(z). Give n(-3).
-1
Let r(x) = -x - 14. Suppose 4*c - 3*k = -42, -3*c + 56 = -7*c - 4*k. Calculate r(c).
-2
Let x(z) = -3*z - 3. Suppose -8 = -4*g - 0. Suppose -4*p + 2*p - q = -8, -5*p = -3*q - 9. Let w be ((-4)/3)/(g/p). What is x(w)?
3
Let p(h) = -7*h - 58. Let k be p(-9). Let v(g) be the third derivative of 0*g + 1/120*g**6 + 0 - 4*g**2 + 1/12*g**k + 1/24*g**4 - 1/3*g**3. What is v(-5)?
-7
Let u(v) be the second derivative of v**4/6 - v**3/2 - v. Let j(h) = -2*h + 45. Let c(x) = 2*x**2 + 3. Let t be c(-3). Let q be j(t). Determine u(q).
9
Let h(t) = -22*t**2 + 6*t**2 - 2 + 14*t**2 + 6*t**2 + 2*t - 5*t. Give h(-2).
20
Let u(y) = y**2 - 9*y + 5. Let s be 218/12*2 - (-24)/(-18). Suppose -3*q - s = a - 5*a, 2*q + 20 = 2*a. Determine u(a).
-15
Suppose 2*m = -2*m + 2*k + 6, 0 = 3*m + k - 17. Let n(b) be the second derivative of -7/12*b**4 + 5/6*b**3 - m*b + 3/2*b**2 + 1/20*b